{"id":1644,"date":"2026-03-01T20:17:02","date_gmt":"2026-03-01T20:17:02","guid":{"rendered":"https:\/\/www.creatyves-chocolats.com\/index.php\/galerie-16\/"},"modified":"2026-03-01T20:17:08","modified_gmt":"2026-03-01T20:17:08","slug":"galerie-16","status":"publish","type":"page","link":"https:\/\/www.creatyves-chocolats.com\/index.php\/galerie-16\/","title":{"rendered":"Galerie"},"content":{"rendered":"\n  \n    <section class=\"u-black u-clearfix u-valign-bottom-lg u-valign-bottom-sm u-section-1\" id=\"block-4\">\n      <p class=\"u-text u-text-palette-3-dark-1 u-text-1\">La galerie et les Arch'yves.<br>Toutes les choco-cards&nbsp;\n      <\/p>\n      <p class=\"u-align-left u-text u-text-2\"><span style=\"font-size: 1.875rem;\" class=\"u-text-palette-3-dark-1\">D\u00e9couvrez tous les th\u00e8mes des choco-cards et imaginez les v\u00f4tres<\/span>\n        <br>\n        <br><span class=\"u-text-custom-color-4\"> Visionnez les mod\u00e8les en vid\u00e9o&nbsp; <\/span>&nbsp; &nbsp;<br>\n        <br>&nbsp; &nbsp;<br>- LES ANNIVERSAIRES <br>\n        <br> - BAPT\u00caMES &amp; BABY-SHOWER&nbsp;<br>\n        <br>- CLUBS, ASSOCIATIONS\n    ET COMMUNICATION D\u2019ENTREPRISE\n    (H\u00f4tels, associations, publicit\u00e9\u2026)&nbsp;<br>\n        <br>- POUR TOUS LES FANS\n     (Animaux, voitures, foot, whisky\u2026)&nbsp;<br>\n        <br>- LES F\u00caTES \n     (f\u00eate des m\u00e8res, des p\u00e8res, des grands-m\u00e8res, \n     des grands-p\u00e8res)&nbsp;<br>\n        <br>- LA SAINT-VALENTIN&nbsp;<br>\n        <br>- LES REMERCIEMENTS&nbsp;<br>\n        <br>- P\u00c2QUES&nbsp;<br>\n        <br>- NO\u00cbL&nbsp;<br>\n        <br>- LES MARIAGES&nbsp;<br>\n        <br>- LES COLLECTIONS DE VOS VOYAGES ET SOUVENIRS&nbsp;<br>\n        <br>- LES VILLAGES TOURISTIQUES D'ALSACE<br>\n        <br>- L\u2019ALSACE (vins et gastronomie)&nbsp;<br>\n        <br>\n        <br>\n        <br>\n      <\/p>\n      <img decoding=\"async\" class=\"u-image u-image-default u-image-1\" src=\"https:\/\/www.creatyves-chocolats.com\/wp-content\/uploads\/2026\/03\/what-are-the-best-short-films-on-youtube-1.png\" alt=\"\" data-image-width=\"1245\" data-image-height=\"700\" data-href=\"https:\/\/www.youtube.com\/channel\/UCKuj4go0NwsPw71Dm8zzAFg\" title=\"chaine youtube choco-cards\" data-target=\"_blank\">\n      <h1 class=\"u-align-center u-text u-text-default-lg u-text-default-xl u-text-3\">Copyright \u00a9 2025 -&nbsp;<br>Cr\u00e9at-Yves Chocolats<br>\n        <br>Reproduction interdite<br>Choco-cards\u00ae est une marque d\u00e9pos\u00e9e\n      <\/h1>\n      <div class=\"u-expanded-width u-palette-3-dark-1 u-shape u-shape-rectangle u-shape-1\"><\/div>\n    <\/section>\n    \n    \n    \n    \n  \n","protected":false},"excerpt":{"rendered":"<p>La galerie et les Arch&rsquo;yves.Toutes les choco-cards&nbsp; D\u00e9couvrez tous les th\u00e8mes des choco-cards et imaginez les v\u00f4tres Visionnez les mod\u00e8les en vid\u00e9o&nbsp; &nbsp; &nbsp; &nbsp; &nbsp;&#8211; LES ANNIVERSAIRES &#8211; BAPT\u00caMES &amp; BABY-SHOWER&nbsp; &#8211; CLUBS, ASSOCIATIONS ET COMMUNICATION D\u2019ENTREPRISE (H\u00f4tels, associations, publicit\u00e9\u2026)&nbsp; &#8211; POUR TOUS LES FANS (Animaux, voitures, foot, whisky\u2026)&nbsp; &#8211; LES F\u00caTES (f\u00eate des &hellip; <a href=\"https:\/\/www.creatyves-chocolats.com\/index.php\/galerie-16\/\" class=\"more-link\">Continue reading<span class=\"screen-reader-text\"> \u00ab\u00a0Galerie\u00a0\u00bb<\/span><\/a><\/p>\n","protected":false},"author":1,"featured_media":0,"parent":0,"menu_order":5,"comment_status":"closed","ping_status":"closed","template":"","meta":{"footnotes":""},"class_list":["post-1644","page","type-page","status-publish","hentry"],"_links":{"self":[{"href":"https:\/\/www.creatyves-chocolats.com\/index.php\/wp-json\/wp\/v2\/pages\/1644","targetHints":{"allow":["GET"]}}],"collection":[{"href":"https:\/\/www.creatyves-chocolats.com\/index.php\/wp-json\/wp\/v2\/pages"}],"about":[{"href":"https:\/\/www.creatyves-chocolats.com\/index.php\/wp-json\/wp\/v2\/types\/page"}],"author":[{"embeddable":true,"href":"https:\/\/www.creatyves-chocolats.com\/index.php\/wp-json\/wp\/v2\/users\/1"}],"replies":[{"embeddable":true,"href":"https:\/\/www.creatyves-chocolats.com\/index.php\/wp-json\/wp\/v2\/comments?post=1644"}],"version-history":[{"count":1,"href":"https:\/\/www.creatyves-chocolats.com\/index.php\/wp-json\/wp\/v2\/pages\/1644\/revisions"}],"predecessor-version":[{"id":1660,"href":"https:\/\/www.creatyves-chocolats.com\/index.php\/wp-json\/wp\/v2\/pages\/1644\/revisions\/1660"}],"wp:attachment":[{"href":"https:\/\/www.creatyves-chocolats.com\/index.php\/wp-json\/wp\/v2\/media?parent=1644"}],"curies":[{"name":"wp","href":"https:\/\/api.w.org\/{rel}","templated":true}]}}