{"id":1643,"date":"2026-03-01T20:17:01","date_gmt":"2026-03-01T20:17:01","guid":{"rendered":"https:\/\/www.creatyves-chocolats.com\/index.php\/partenaires-references-16\/"},"modified":"2026-03-01T20:17:08","modified_gmt":"2026-03-01T20:17:08","slug":"partenaires-references-16","status":"publish","type":"page","link":"https:\/\/www.creatyves-chocolats.com\/index.php\/partenaires-references-16\/","title":{"rendered":"partenaires r\u00e9f\u00e9rences"},"content":{"rendered":"\n  \n    <section class=\"u-black u-clearfix u-valign-bottom-lg u-valign-bottom-sm u-section-1\" id=\"block-4\">\n      <p class=\"u-text u-text-palette-3-dark-1 u-text-1\">Nos par\u200btenaires et nos r\u00e9alisations<\/p>\n      <p class=\"u-text u-text-2\"><span style=\"font-size: 1.875rem;\" class=\"u-text-palette-3-dark-1\">Mus\u00e9e des p\u00eacheries de F\u00e9camp<\/span>\n        <br>Choco-cards r\u00e9alis\u00e9es pour la vente \u00e0 la pi\u00e8ce \u00e0 la boutique&nbsp;du mus\u00e9e.&nbsp;<br>Emballage individuel sous pochette transparente.<br>\n        <br>\n        <br>\n        <br><span style=\"font-size: 1.875rem;\" class=\"u-text-palette-3-dark-1\">\n          <br>\n          <br>\n          <br>Bo\u00eete offerte \u00e0 Jean-Baptiste Gu\u00e9gan<\/span>\n        <br>S\u00e9rie exclusive et unique offerte lors d'un concert \u00e0 Jean-Baptiste Gu\u00e9gan<br>\n        <br>\n        <br>\n        <br>\n        <br>\n        <br>\n        <br><span style=\"font-size: 1.875rem;\" class=\"u-text-palette-3-dark-1\">\n          <br>Le chinois &amp; Friends<\/span>\n        <br>Choco-cards distribu\u00e9es lors de la soir\u00e9e de pr\u00e9sentation&nbsp;du nouvel album de Jazz manouche<br>\n        <br>\n        <br>&nbsp;cliquez ici pour d\u00e9couvrir les albums de l'Artiste &gt;&gt;<br>\n        <br>\n        <br><span class=\"u-text-palette-3-dark-1\" style=\"font-size: 1.875rem;\">\n          <br>Pour l'association des anciens \u00e9l\u00e8ves<\/span>\n        <br>De l'\u00e9cole h\u00f4teli\u00e8re de Strasbourg<br>\n        <br>\n        <br>\n        <br><span class=\"u-text-palette-3-dark-1\" style=\"font-size: 1.875rem;\">\n          <br>\n          <br>Radio France bleu Alsace et maintenant Radio&nbsp;<br>Ici Alsace<\/span>\n        <br>Merci \u00e0 toute l'\u00e9quipe pour votre soutien<br>\n        <br>\n        <br>\n        <br>\n        <br>\n        <br>\n        <br>\n        <br>\n        <br>\n        <br>\n        <br>\n        <br>\n        <br>\n        <br>\n        <br>\n        <br>\n        <br>\n        <br>\n        <br>\n        <br>\n        <br>\n        <br>\n        <br>\n        <br>\n        <br>\n        <br>\n        <br>\n      <\/p>\n      <img decoding=\"async\" class=\"custom-expanded u-image u-image-default u-image-1\" src=\"https:\/\/www.creatyves-chocolats.com\/wp-content\/uploads\/2026\/03\/FACTICEBOITEPUBPECHERIES27-10-23.jpg\" alt=\"\" data-image-width=\"3129\" data-image-height=\"1263\">\n      <img decoding=\"async\" class=\"custom-expanded u-image u-image-default u-image-2\" src=\"https:\/\/www.creatyves-chocolats.com\/wp-content\/uploads\/2026\/03\/JBGUEGANBOITECHOCO-CARDS.jpg\" alt=\"\" data-image-width=\"3129\" data-image-height=\"1263\">\n      <img decoding=\"async\" class=\"u-image u-image-default u-image-3\" src=\"https:\/\/www.creatyves-chocolats.com\/wp-content\/uploads\/2026\/03\/albumlechinois.jpg\" alt=\"\" data-image-width=\"2729\" data-image-height=\"1890\" data-href=\"https:\/\/lechinois-jazzmanouche.com\/boutique\/\" title=\"la boutique des albums\">\n      <img decoding=\"async\" class=\"u-image u-image-default u-image-4\" src=\"https:\/\/www.creatyves-chocolats.com\/wp-content\/uploads\/2026\/03\/AAEEHSMODELE.jpg\" alt=\"\" data-image-width=\"894\" data-image-height=\"945\">\n      <img decoding=\"async\" class=\"custom-expanded u-image u-image-default u-image-5\" src=\"https:\/\/www.creatyves-chocolats.com\/wp-content\/uploads\/2026\/03\/francebleuboitechoco-cards.jpg\" alt=\"\" data-image-width=\"3129\" data-image-height=\"1263\">\n      <img decoding=\"async\" class=\"custom-expanded u-image u-image-contain u-image-default u-image-6\" src=\"https:\/\/www.creatyves-chocolats.com\/wp-content\/uploads\/2026\/03\/ambassadeurdAlsace.jpg\" alt=\"\" data-image-width=\"591\" data-image-height=\"405\">\n      <img decoding=\"async\" class=\"u-image u-image-default u-image-7\" src=\"https:\/\/www.creatyves-chocolats.com\/wp-content\/uploads\/2026\/03\/choco-cardsfecampmuse.jpg\" alt=\"\" data-image-width=\"1080\" data-image-height=\"1444\">\n      <div class=\"u-expanded-width u-palette-3-dark-1 u-shape u-shape-rectangle u-shape-1\"><\/div>\n    <\/section>\n    \n    \n    \n    \n  \n","protected":false},"excerpt":{"rendered":"<p>Nos par\u200btenaires et nos r\u00e9alisations Mus\u00e9e des p\u00eacheries de F\u00e9camp Choco-cards r\u00e9alis\u00e9es pour la vente \u00e0 la pi\u00e8ce \u00e0 la boutique&nbsp;du mus\u00e9e.&nbsp;Emballage individuel sous pochette transparente. Bo\u00eete offerte \u00e0 Jean-Baptiste Gu\u00e9gan S\u00e9rie exclusive et unique offerte lors d&rsquo;un concert \u00e0 Jean-Baptiste Gu\u00e9gan Le chinois &amp; Friends Choco-cards distribu\u00e9es lors de la soir\u00e9e de pr\u00e9sentation&nbsp;du nouvel &hellip; <a href=\"https:\/\/www.creatyves-chocolats.com\/index.php\/partenaires-references-16\/\" class=\"more-link\">Continue reading<span class=\"screen-reader-text\"> \u00ab\u00a0partenaires r\u00e9f\u00e9rences\u00a0\u00bb<\/span><\/a><\/p>\n","protected":false},"author":1,"featured_media":0,"parent":0,"menu_order":4,"comment_status":"closed","ping_status":"closed","template":"","meta":{"footnotes":""},"class_list":["post-1643","page","type-page","status-publish","hentry"],"_links":{"self":[{"href":"https:\/\/www.creatyves-chocolats.com\/index.php\/wp-json\/wp\/v2\/pages\/1643","targetHints":{"allow":["GET"]}}],"collection":[{"href":"https:\/\/www.creatyves-chocolats.com\/index.php\/wp-json\/wp\/v2\/pages"}],"about":[{"href":"https:\/\/www.creatyves-chocolats.com\/index.php\/wp-json\/wp\/v2\/types\/page"}],"author":[{"embeddable":true,"href":"https:\/\/www.creatyves-chocolats.com\/index.php\/wp-json\/wp\/v2\/users\/1"}],"replies":[{"embeddable":true,"href":"https:\/\/www.creatyves-chocolats.com\/index.php\/wp-json\/wp\/v2\/comments?post=1643"}],"version-history":[{"count":1,"href":"https:\/\/www.creatyves-chocolats.com\/index.php\/wp-json\/wp\/v2\/pages\/1643\/revisions"}],"predecessor-version":[{"id":1659,"href":"https:\/\/www.creatyves-chocolats.com\/index.php\/wp-json\/wp\/v2\/pages\/1643\/revisions\/1659"}],"wp:attachment":[{"href":"https:\/\/www.creatyves-chocolats.com\/index.php\/wp-json\/wp\/v2\/media?parent=1643"}],"curies":[{"name":"wp","href":"https:\/\/api.w.org\/{rel}","templated":true}]}}